410?
0
What is the hundreds digit of 420988?
9
What is the hundreds digit of 4326598?
5
What is the ten thousands digit of 263744?
6
What is the millions digit of 7054409?
7
What is the tens digit of 421354?
5
What is the hundred thousands digit of 1230432?
2
What is the ten thousands digit of 1157280?
5
What is the hundreds digit of 1223664?
6
What is the thousands digit of 46725?
6
What is the ten millions digit of 10682210?
1
What is the tens digit of 2629964?
6
What is the millions digit of 1627078?
1
What is the thousands digit of 6544486?
4
What is the ten thousands digit of 49197?
4
What is the ten thousands digit of 2167021?
6
What is the thousands digit of 752845?
2
What is the hundred thousands digit of 391702?
3
What is the hundred thousands digit of 776273?
7
What is the tens digit of 144558?
5
What is the ten thousands digit of 4899558?
9
What is the thousands digit of 2903802?
3
What is the hundreds digit of 196114?
1
What is the hundred thousands digit of 3152801?
1
What is the millions digit of 1547611?
1
What is the tens digit of 4291541?
4
What is the units digit of 142646?
6
What is the hundreds digit of 31757638?
6
What is the millions digit of 4071732?
4
What is the thousands digit of 3115917?
5
What is the tens digit of 15441509?
0
What is the units digit of 50893?
3
What is the units digit of 573091?
1
What is the ten thousands digit of 1389446?
8
What is the units digit of 4662684?
4
What is the thousands digit of 1012708?
2
What is the thousands digit of 3239537?
9
What is the hundreds digit of 29526963?
9
What is the ten thousands digit of 177784?
7
What is the hundreds digit of 986816?
8
What is the thousands digit of 343524?
3
What is the units digit of 1257109?
9
What is the hundred thousands digit of 157441?
1
What is the millions digit of 1162939?
1
What is the hundred thousands digit of 494085?
4
What is the ten thousands digit of 111116?
1
What is the thousands digit of 6498077?
8
What is the tens digit of 1276876?
7
What is the tens digit of 211454?
5
What is the thousands digit of 1448763?
8
What is the ten millions digit of 13533618?
1
What is the hundreds digit of 65825?
8
What is the ten thousands digit of 324149?
2
What is the hundreds digit of 1017134?
1
What is the ten millions digit of 33714913?
3
What is the ten thousands digit of 43921047?
2
What is the units digit of 237816?
6
What is the tens digit of 9692297?
9
What is the tens digit of 4250856?
5
What is the hundred thousands digit of 622427?
6
What is the hundreds digit of 582013?
0
What is the units digit of 470278?
8
What is the tens digit of 162891?
9
What is the hundred thousands digit of 1341026?
3
What is the units digit of 36681348?
8
What is the thousands digit of 4416212?
6
What is the tens digit of 52317?
1
What is the hundreds digit of 268080?
0
What is the ten thousands digit of 67051?
6
What is the units digit of 750181?
1
What is the thousands digit of 126425?
6
What is the hundreds digit of 3521511?
5
What is the units digit of 784157?
7
What is the units digit of 603903?
3
What is the tens digit of 113638?
3
What is the tens digit of 3567463?
6
What is the thousands digit of 97644?
7
What is the hundreds digit of 1594163?
1
What is the thousands digit of 61202?
1
What is the hundreds digit of 1902936?
9
What is the hundreds digit of 33455?
4
What is the tens digit of 724011?
1
What is the hundreds digit of 1874366?
3
What is the thousands digit of 32194726?
4
What is the hundred thousands digit of 286924?
2
What is the tens digit of 9337622?
2
What is the thousands digit of 1813961?
3
What is the ten thousands digit of 291306?
9
What is the units digit of 368677?
7
What is the hundred thousands digit of 238356?
2
What is the ten thousands digit of 19099087?
9
What is the millions digit of 1404825?
1
What is the thousands digit of 115059?
5
What is the ten millions digit of 17593955?
1
What is the hundred thousands digit of 227672?
2
What is the units digit of 2102538?
8
What is the tens digit of 21758020?
2
What is the hundreds digit of 362860?
8
What is the units digit of 56717?
7
What is the hundreds digit of 3769069?
0
What is the hundred thousands digit of 3059837?
0
What is the hundred thousands digit of 11536921?
5
What is the ten thousands digit of 67276?
6
What is the tens digit of 2421154?
5
What is the units digit of 1014268?
8
What is the thousands digit of 4974683?
4
What is the millions digit of 38544231?
8
What is the hundred thousands digit of 529536?
5
What is the thousands digit of 75486?
5
What is the ten thousands digit of 113877?
1
What is the hundred thousands digit of 7696788?
6
What is the ten thousands digit of 3847576?
4
What is the ten thousands digit of 365985?
6
What is the tens digit of 7293888?
8
What is the tens digit of 4166119?
1
What is the ten thousands digit of 13389506?
8
What is the units digit of 358741?
1
What is the ten thousands digit of 14453006?
5
What is the ten thousands digit of 6740344?
4
What is the ten thousands digit of 653468?
5
What is the hundreds digit of 4591988?
9
What is the tens digit of 207517?
1
What is the units digit of 450255?
5
What is the hundreds digit of 16579931?
9
What is the millions digit of 22392348?
2
What is the ten thousands digit of 4134330?
3
What is the thousands digit of 1999460?
9
What is the tens digit of 3859657?
5
What is the thousands digit of 751797?
1
What is the hundred thousands digit of 336361?
3
What is the thousands digit of 663409?
3
What is the tens digit of 11077568?
6
What is the thousands digit of 39890?
9
What is the ten thousands digit of 2288011?
8
What is the hundred thousands digit of 332945?
3
What is the units digit of 2734225?
5
What is the thousands digit of 2071566?
1
What is the ten thousands digit of 1059317?
5
What is the millions digit of 1141383?
1
What is the hundred thousands digit of 3518661?
5
What is the thousands digit of 392491?
2
What is the millions digit of 2735126?
2
What is the hundreds digit of 8452749?
7
What is the millions digit of 6920426?
6
What is the ten thousands digit of 6760974?
6
What is the units digit of 10167736?
6
What is the hundreds digit of 1289333?
3
What is the ten thousands digit of 5576396?
7
What is the tens digit of 8916032?
3
What is the ten millions digit of 23242144?
2
What is the ten thousands digit of 991777?
9
What is the thousands digit of 1093821?
3
What is the ten thousands digit of 59381?
5
What is the units digit of 446873?
3
What is the thousands digit of 256218?
6
What is the ten thousands digit of 3366206?
6
What is the thousands digit of 229957?
9
What is the tens digit of 117016?
1
What is the units digit of 89604?
4
What is the ten thousands digit of 3996275?
9
What is the thousands digit of 1471898?
1
What is the hundreds digit of 6423?
4
What is the hundred thousands digit of 198974?
1
What is the millions digit of 4267510?
4
What is the hundreds digit of 18857330?
3
What is the millions digit of 7715971?
7
What is the units digit of 33523625?
5
What is the hundred thousands digit of 9590940?
5
What is the hundred thousands digit of 3361315?
3
What is the hundreds digit of 1198312?
3
What is the tens digit of 1259938?
3
What is the ten thousands digit of 175561?
7
What is the units digit of 245521?
1
What is the hundreds digit of 3479?
4
What is the ten thousands digit of 55569?
5
What is the millions digit of 2600748?
2
What is the ten thousands digit of 20781101?
8
What is the thousands digit of 151866?
1
What is the hundred thousands digit of 29978389?
9
What is the millions digit of 1219886?
1
What is the hundreds digit of 182821?
8
What is the ten thousands digit of 1967353?
6
What is the hundred thousands digit of 831519?
8
What is the units digit of 616019?
9
What is the hundreds digit of 397632?
6
What is the units digit of 998470?
0
What is the hundreds digit of 6674?
6
What is the tens digit of 24220837?
3
What is the units digit of 84206?
6
What is the hundred thousands digit of 2524316?
5
What is the thousands digit of 1406783?
6
What is the hundred thousands digit of 2787301?
7
What is the ten thousands digit of 1727920?
2
What is the units digit of 5527805?
5
What is the units digit of 205614?
4
What is the millions digit of 10460822?
0
What is t